 -175642558?
-175642563
In base 10, what is -135 - -1739456?
1739321
In base 13, what is -9b + c9140?
c9072
In base 2, what is 1000000100101001100001 + 10001?
1000000100101001110010
In base 10, what is -1370904 - -36?
-1370868
In base 4, what is 20 - 231200133321?
-231200133301
In base 8, what is -156607 - 2033?
-160642
In base 11, what is 4 + -2122762?
-2122759
In base 10, what is 1373 - 147980?
-146607
In base 8, what is -603645 + 24?
-603621
In base 15, what is -5 + 46ad2d?
46ad28
In base 4, what is 10002312311 + -110?
10002312201
In base 4, what is 10 - -2202333112330?
2202333113000
In base 9, what is 207457270 + -2?
207457267
In base 7, what is 23 + -2452466?
-2452443
In base 4, what is 211023222031 - 3?
211023222022
In base 16, what is 5a8481 - -3?
5a8484
In base 7, what is 2150 - 664444?
-662264
In base 5, what is 104 + 30322422?
30323031
In base 5, what is -3 - -211132333041?
211132333033
In base 6, what is -5 - -34142435?
34142430
In base 13, what is 1084 - 622b3?
-6122c
In base 10, what is 86116 - -272?
86388
In base 2, what is -110110000111011001011110 - -101?
-110110000111011001011001
In base 6, what is -30 + 20153214?
20153144
In base 7, what is 415326 + -5200?
410126
In base 4, what is -1323 + 20323031?
20321102
In base 8, what is 11370751 - 11?
11370740
In base 8, what is 13015 - -3070?
16105
In base 15, what is -c75 - 123e1?
-13166
In base 4, what is -11 + -12002303303?
-12002303320
In base 8, what is -7712 - -3337?
-4353
In base 16, what is -203c5e + 72?
-203bec
In base 3, what is 122112112 - 11022220?
111012122
In base 13, what is -5 - -a18a705?
a18a700
In base 15, what is 2940 - -212c?
4a6c
In base 15, what is -c76 - 41202?
-41e78
In base 6, what is -153403 - -141143?
-12220
In base 12, what is -361a4a + 0?
-361a4a
In base 4, what is -1333302 - -311201?
-1022101
In base 7, what is -524025 - -65?
-523630
In base 12, what is 1746a + 346?
177b4
In base 3, what is -2011101222 + -102210?
-2011211202
In base 5, what is 2433320342 + 11?
2433320403
In base 15, what is 2064 + -3baa?
-1b46
In base 7, what is -34216304 - -31?
-34216243
In base 4, what is 10233002 + 32010231?
102303233
In base 2, what is 11 + 10011100110000101000001010?
10011100110000101000001101
In base 16, what is 18de2d + 6c?
18de99
In base 16, what is 15c - -c10b?
c267
In base 3, what is -102100212101 + -1122?
-102100221000
In base 6, what is 145421 - -4500?
154321
In base 4, what is 33003 - -230212?
323221
In base 11, what is -3a9126a - 4?
-3a91273
In base 14, what is -6 - 3bd0c0?
-3bd0c6
In base 14, what is 4 - -3548960?
3548964
In base 2, what is -111111001000010001110 - -110011?
-111111001000001011011
In base 12, what is 457484 - -6a?
457532
In base 10, what is 31832140 - 5?
31832135
In base 10, what is -14 + -7018062?
-7018076
In base 8, what is 3676 + -240624?
-234726
In base 10, what is 24 + -3799932?
-3799908
In base 11, what is 555 + -494?
71
In base 11, what is -a8786 + -1197?
-a9972
In base 2, what is -1011100001100110 - 10010110010?
-1011110100011000
In base 2, what is -11000110001001010111110 - 10?
-11000110001001011000000
In base 13, what is 20037 - 94?
1cc73
In base 6, what is -125 - 25114243?
-25114412
In base 16, what is 5 + -129c029a?
-129c0295
In base 2, what is 11 + -101000010100011011100?
-101000010100011011001
In base 5, what is -12 + -22031232342?
-22031232404
In base 2, what is -1001100000111010 - 110001?
-1001100001101011
In base 13, what is -230725 - 42?
-230767
In base 7, what is 400620400 - 12?
400620355
In base 3, what is -120 + 111110021021010?
111110021020120
In base 4, what is 1332210 + -201?
1332003
In base 15, what is 19cdcb - 6?
19cdc5
In base 8, what is 5 - -723762357?
723762364
In base 4, what is 12003111 + 31302?
12101013
In base 13, what is -6194b + 70?
-618ab
In base 14, what is d5069 + -100?
d4d69
In base 16, what is -ec2 - 282d?
-36ef
In base 13, what is -173a0 - 10ca?
-1849a
In base 7, what is -566 - 62544?
-63443
In base 11, what is -253 - 61289?
-61531
In base 14, what is -839a - 342?
-86dc
In base 2, what is 100111 - 101100111010001111101101?
-101100111010001111000110
In base 2, what is 110101 + 10010110101010010?
10010110110000111
In base 3, what is -102021 + 1220111200010?
1220111020212
In base 6, what is 5241 + -24523?
-15242
In base 12, what is -73 + 780677?
780604
In base 13, what is -1303a5 + 0?
-1303a5
In base 3, what is 2 - -122202001121?
122202001200
In base 16, what is -1fd3e5b - -5?
-1fd3e56
In base 14, what is -6 + -515503?
-515509
In base 3, what is -100122212 + -200101122?
-1001001111
In base 10, what is 16 + -2461292?
-2461276
In base 5, what is 3 - 1003202214331?
-1003202214323
In base 15, what is 200 - 2805?
-2605
In base 7, what is 444 + 23150440?
23151214
In base 13, what is 3a4 - -43670?
43a44
In base 9, what is 3 - 11272745?
-11272742
In base 8, what is 1477052 - 125?
1476725
In base 13, what is -a709 - -674?
-a065
In base 12, what is -154b + a018?
8689
In base 2, what is 11 - -11011000011001000010011111011?
11011000011001000010011111110
In base 13, what is 2c0b1b0 + 6?
2c0b1b6
In base 13, what is 105358 - -b?
105366
In base 8, what is -1066640006 + -5?
-1066640013
In base 12, what is -35a11201 + 2?
-35a111bb
In base 9, what is 46048 - 385?
45553
In base 9, what is -624062 + -55?
-624127
In base 5, what is 1034130142 - -2?
1034130144
In base 12, what is -4 + 2a962b2a?
2a962b26
In base 15, what is -7b - 29448?
-294c4
In base 11, what is 10 - -18a3595?
18a35a5
In base 8, what is 41306117 + -1?
41306116
In base 6, what is 550421352 - -1?
550421353
In base 11, what is -56 + -10265?
-10310
In base 13, what is -2 - -2cb7812a?
2cb78128
In base 13, what is 14 + -2c96a1?
-2c968a
In base 3, what is 210210011110 + 2002220?
210212021100
In base 16, what is 4a4 + 21250?
216f4
In base 2, what is -10 + -1101011010011110010010000001?
-1101011010011110010010000011
In base 5, what is -2441344121 - 2?
-2441344123
In base 4, what is 3031300320 - 1203?
3031233111
In base 6, what is 1445 + 1040311?
1042200
In base 12, what is -18b7b - -208?
-18973
In base 5, what is 4 + 1343440413?
1343440422
In base 6, what is 142 - 145053411?
-145053225
In base 16, what is 1089 + 221?
12aa
In base 15, what is -4 - 55ad5a?
-55ad5e
In base 14, what is 18d984 + -5b?
18d927
In base 11, what is -1922 + -25732?
-27554
In base 6, what is -521542044 + 0?
-521542044
In base 15, what is 3a4a + 73?
3abd
In base 5, what is 230331 + 20232?
301113
In base 8, what is -711 + 1567753?
1567042
In base 3, what is 1210122 + -220112112?
-211201220
In base 15, what is -7 - 4aed22?
-4aed29
In base 5, what is 13003242 + -130211?
12323031
In base 7, what is -62 - 1566422?
-1566514
In base 7, what is -5501056 + -123?
-5501212
In base 13, what is -18 - 122cb4?
-122ccc
In base 10, what is -84423 - 292?
-84715
In base 5, what is 42321 + -210331?
-113010
In base 10, what is -713 + 48555?
47842
In base 9, what is 237836753 - 1?
237836752
In base 6, what is 132332455 - 2?
132332453
In base 12, what is -323510 - 66?
-323576
In base 7, what is -22 - -365214?
365162
In base 6, what is -235 + 425433?
425154
In base 15, what is -457ddd9 - 3?
-457dddc
In base 9, what is 705 + -203784?
-203078
In base 9, what is 173 + 1526566?
1526750
In base 11, what is 224381a4a + 3?
224381a52
In base 7, what is -11525 - -42060?
30232
In base 15, what is 10 + 31e27a4?
31e27b4
In base 3, what is 2222110111 - 11221?
2222021120
In base 14, what is 217b - 9974?
-77d7
In base 11, what is 3089470a - 1?
30894709
In base 11, what is 0 - 107920?
-107920
In base 12, what is 151337 - -3?
15133a
In base 12, what is 247 - -a1b?
1066
In base 5, what is 222133 - -12320?
240003
In base 16, what is b39 + 115?
c4e
In base 5, what is 320221133 - -3?
320221141
In base 16, what is -c - -542d7a?
542d6e
In base 6, what is -10 - 30354412543?
-30354412553
In base 2, what is 100 + -11101000110011000011110?
-11101000110011000011010
In base 15, what is 54 - -1cc65?
1ccb9
In base 4, what is 2122 + -101022120?
-101013332
In base 7, what is 22420100 - -5?
22420105
In base 14, what is 3410a3c - -8?
3410a46
In base 16, what is -f + 7e1058?
7e1049
In base 2, what is -101001 + 1110000001001110100010?
1110000001001101111001
In base 9, what is 1020 + 157440?
158460
In base 11, what is -4340a8 + 5?
-4340a3
In base 4, what